[INFO] cloning repository https://github.com/Rubber-Duck-999/HouseGuard-SystemProcessor
[INFO] running `Command { std: "git" "-c" "credential.helper=" "-c" "credential.helper=/workspace/cargo-home/bin/git-credential-null" "clone" "--bare" "https://github.com/Rubber-Duck-999/HouseGuard-SystemProcessor" "/workspace/cache/git-repos/https%3A%2F%2Fgithub.com%2FRubber-Duck-999%2FHouseGuard-SystemProcessor", kill_on_drop: false }`
[INFO] [stderr] Cloning into bare repository '/workspace/cache/git-repos/https%3A%2F%2Fgithub.com%2FRubber-Duck-999%2FHouseGuard-SystemProcessor'...
[INFO] running `Command { std: "git" "rev-parse" "HEAD", kill_on_drop: false }`
[INFO] [stdout] 1b82820ef0f4f7e49640c31b9385aedee537c624
[INFO] checking Rubber-Duck-999/HouseGuard-SystemProcessor against try#72f88fc4e9458f89516a0b8b0868f3718aec5b47 for pr-74989
[INFO] running `Command { std: "git" "clone" "/workspace/cache/git-repos/https%3A%2F%2Fgithub.com%2FRubber-Duck-999%2FHouseGuard-SystemProcessor" "/workspace/builds/worker-4/source", kill_on_drop: false }`
[INFO] [stderr] Cloning into '/workspace/builds/worker-4/source'...
[INFO] [stderr] done.
[INFO] validating manifest of git repo https://github.com/Rubber-Duck-999/HouseGuard-SystemProcessor on toolchain 72f88fc4e9458f89516a0b8b0868f3718aec5b47
[INFO] running `Command { std: "/workspace/cargo-home/bin/cargo" "+72f88fc4e9458f89516a0b8b0868f3718aec5b47" "read-manifest" "--manifest-path" "Cargo.toml", kill_on_drop: false }`
[INFO] started tweaking git repo https://github.com/Rubber-Duck-999/HouseGuard-SystemProcessor
[INFO] finished tweaking git repo https://github.com/Rubber-Duck-999/HouseGuard-SystemProcessor
[INFO] tweaked toml for git repo https://github.com/Rubber-Duck-999/HouseGuard-SystemProcessor written to /workspace/builds/worker-4/source/Cargo.toml
[INFO] crate git repo https://github.com/Rubber-Duck-999/HouseGuard-SystemProcessor already has a lockfile, it will not be regenerated
[INFO] running `Command { std: "/workspace/cargo-home/bin/cargo" "+72f88fc4e9458f89516a0b8b0868f3718aec5b47" "fetch" "--locked" "--manifest-path" "Cargo.toml", kill_on_drop: false }`
[INFO] [stderr]  Downloading crates ...
[INFO] [stderr]   Downloaded predicates v1.0.5
[INFO] [stderr]   Downloaded bit-vec v0.4.4
[INFO] [stderr]   Downloaded psutil v3.1.0
[INFO] [stderr]   Downloaded system_shutdown v3.0.0
[INFO] [stderr]   Downloaded normalize-line-endings v0.3.0
[INFO] [stderr]   Downloaded simple_logger v1.9.0
[INFO] [stderr]   Downloaded unescape v0.1.0
[INFO] [stderr]   Downloaded bytesize v1.0.0
[INFO] [stderr]   Downloaded float-cmp v0.8.0
[INFO] [stderr]   Downloaded systemstat v0.1.5
[INFO] [stderr]   Downloaded assert_cmd v1.0.1
[INFO] [stderr]   Downloaded amqp v0.1.3
[INFO] [stderr]   Downloaded amq-proto v0.1.0
[INFO] [stderr]   Downloaded darwin-libproc-sys v0.1.1
[INFO] [stderr]   Downloaded darwin-libproc v0.1.1
[INFO] [stderr]   Downloaded snafu v0.6.2
[INFO] [stderr]   Downloaded derive_more v0.99.2
[INFO] [stderr]   Downloaded snafu-derive v0.6.2
[INFO] running `Command { std: "docker" "create" "-v" "/var/lib/crater-agent-workspace/builds/worker-4/target:/opt/rustwide/target:rw,Z" "-v" "/var/lib/crater-agent-workspace/builds/worker-4/source:/opt/rustwide/workdir:ro,Z" "-v" "/var/lib/crater-agent-workspace/cargo-home:/opt/rustwide/cargo-home:ro,Z" "-v" "/var/lib/crater-agent-workspace/rustup-home:/opt/rustwide/rustup-home:ro,Z" "-e" "SOURCE_DIR=/opt/rustwide/workdir" "-e" "CARGO_TARGET_DIR=/opt/rustwide/target" "-e" "CARGO_HOME=/opt/rustwide/cargo-home" "-e" "RUSTUP_HOME=/opt/rustwide/rustup-home" "-w" "/opt/rustwide/workdir" "-m" "1610612736" "--user" "0:0" "--network" "none" "rustops/crates-build-env@sha256:d92eaeed33fa75130ca1ee6c8a01d1ffb62bac859dfdfb3450e3e5d1c0146529" "/opt/rustwide/cargo-home/bin/cargo" "+72f88fc4e9458f89516a0b8b0868f3718aec5b47" "metadata" "--no-deps" "--format-version=1", kill_on_drop: false }`
[INFO] [stdout] 8d0c04f5882e5544c0e78879deba8b472d2350cdc475a43d4c54115833bd82ae
[INFO] [stderr] WARNING: Your kernel does not support swap limit capabilities or the cgroup is not mounted. Memory limited without swap.
[INFO] running `Command { std: "docker" "start" "-a" "8d0c04f5882e5544c0e78879deba8b472d2350cdc475a43d4c54115833bd82ae", kill_on_drop: false }`
[INFO] running `Command { std: "docker" "inspect" "8d0c04f5882e5544c0e78879deba8b472d2350cdc475a43d4c54115833bd82ae", kill_on_drop: false }`
[INFO] running `Command { std: "docker" "rm" "-f" "8d0c04f5882e5544c0e78879deba8b472d2350cdc475a43d4c54115833bd82ae", kill_on_drop: false }`
[INFO] [stdout] 8d0c04f5882e5544c0e78879deba8b472d2350cdc475a43d4c54115833bd82ae
[INFO] running `Command { std: "docker" "create" "-v" "/var/lib/crater-agent-workspace/builds/worker-4/target:/opt/rustwide/target:rw,Z" "-v" "/var/lib/crater-agent-workspace/builds/worker-4/source:/opt/rustwide/workdir:ro,Z" "-v" "/var/lib/crater-agent-workspace/cargo-home:/opt/rustwide/cargo-home:ro,Z" "-v" "/var/lib/crater-agent-workspace/rustup-home:/opt/rustwide/rustup-home:ro,Z" "-e" "SOURCE_DIR=/opt/rustwide/workdir" "-e" "CARGO_TARGET_DIR=/opt/rustwide/target" "-e" "CARGO_INCREMENTAL=0" "-e" "RUST_BACKTRACE=full" "-e" "RUSTFLAGS=--cap-lints=forbid" "-e" "CARGO_HOME=/opt/rustwide/cargo-home" "-e" "RUSTUP_HOME=/opt/rustwide/rustup-home" "-w" "/opt/rustwide/workdir" "-m" "1610612736" "--user" "0:0" "--network" "none" "rustops/crates-build-env@sha256:d92eaeed33fa75130ca1ee6c8a01d1ffb62bac859dfdfb3450e3e5d1c0146529" "/opt/rustwide/cargo-home/bin/cargo" "+72f88fc4e9458f89516a0b8b0868f3718aec5b47" "check" "--frozen" "--all" "--all-targets" "--message-format=json", kill_on_drop: false }`
[INFO] [stdout] a47e63e8160d6681b26d1c33a8af751a12a815f67be3ca811718037cc69d0a83
[INFO] [stderr] WARNING: Your kernel does not support swap limit capabilities or the cgroup is not mounted. Memory limited without swap.
[INFO] running `Command { std: "docker" "start" "-a" "a47e63e8160d6681b26d1c33a8af751a12a815f67be3ca811718037cc69d0a83", kill_on_drop: false }`
[INFO] [stderr]    Compiling cc v1.0.50
[INFO] [stderr]    Compiling doc-comment v0.3.1
[INFO] [stderr]     Checking smallvec v1.2.0
[INFO] [stderr]    Compiling ryu v1.0.2
[INFO] [stderr]     Checking bit-vec v0.4.4
[INFO] [stderr]     Checking regex-syntax v0.6.14
[INFO] [stderr]     Checking linked-hash-map v0.5.2
[INFO] [stderr]     Checking once_cell v1.3.1
[INFO] [stderr]     Checking bytesize v1.0.0
[INFO] [stderr]     Checking unescape v0.1.0
[INFO] [stderr]     Checking platforms v0.2.1
[INFO] [stderr]     Checking itoa v0.4.5
[INFO] [stderr]     Checking system_shutdown v3.0.0
[INFO] [stderr]    Compiling num-traits v0.2.11
[INFO] [stderr]    Compiling num-integer v0.1.42
[INFO] [stderr]    Compiling proc-macro2 v1.0.18
[INFO] [stderr]     Checking serde v1.0.115
[INFO] [stderr]     Checking memchr v0.1.11
[INFO] [stderr]     Checking time v0.1.43
[INFO] [stderr]     Checking atty v0.2.14
[INFO] [stderr]     Checking memchr v1.0.2
[INFO] [stderr]     Checking num_cpus v1.12.0
[INFO] [stderr]     Checking wait-timeout v0.2.0
[INFO] [stderr]     Checking aho-corasick v0.7.8
[INFO] [stderr]     Checking nix v0.17.0
[INFO] [stderr]     Checking aho-corasick v0.5.3
[INFO] [stderr]     Checking unicode-normalization v0.1.12
[INFO] [stderr]     Checking yaml-rust v0.4.3
[INFO] [stderr]     Checking colored v1.9.2
[INFO] [stderr]     Checking clap v2.33.3
[INFO] [stderr]     Checking thread-id v2.0.0
[INFO] [stderr]     Checking nom v3.2.1
[INFO] [stderr]     Checking thread_local v0.2.7
[INFO] [stderr]    Compiling quote v1.0.2
[INFO] [stderr]     Checking regex v0.1.80
[INFO] [stderr]    Compiling syn v1.0.33
[INFO] [stderr]    Compiling backtrace-sys v0.1.32
[INFO] [stderr]     Checking idna v0.1.5
[INFO] [stderr]     Checking num-traits v0.1.43
[INFO] [stderr]     Checking float-cmp v0.8.0
[INFO] [stderr]     Checking enum_primitive v0.1.1
[INFO] [stderr]     Checking env_logger v0.3.5
[INFO] [stderr]     Checking url v1.7.2
[INFO] [stderr]     Checking chrono v0.4.15
[INFO] [stderr]     Checking backtrace v0.3.43
[INFO] [stderr]     Checking error-chain v0.10.0
[INFO] [stderr]     Checking amq-proto v0.1.0
[INFO] [stderr]     Checking regex v1.3.4
[INFO] [stderr]     Checking systemstat v0.1.5
[INFO] [stderr]     Checking simple_logger v1.9.0
[INFO] [stderr]     Checking amqp v0.1.3
[INFO] [stderr]     Checking predicates v1.0.5
[INFO] [stderr]     Checking assert_cmd v1.0.1
[INFO] [stderr]     Checking serde_json v1.0.57
[INFO] [stderr]     Checking serde_yaml v0.8.13
[INFO] [stderr]    Compiling snafu-derive v0.6.2
[INFO] [stderr]    Compiling derive_more v0.99.2
[INFO] [stderr]    Compiling serde_derive v1.0.115
[INFO] [stderr]     Checking snafu v0.6.2
[INFO] [stderr]     Checking psutil v3.1.0
[INFO] [stderr]     Checking exeSystemProcessor v2.0.1 (/opt/rustwide/workdir)
[INFO] [stdout] warning: unused import: `glob::glob`
[INFO] [stdout]  --> tests/test.rs:2:5
[INFO] [stdout]   |
[INFO] [stdout] 2 | use glob::glob;
[INFO] [stdout]   |     ^^^^^^^^^^
[INFO] [stdout]   |
[INFO] [stdout]   = note: `#[warn(unused_imports)]` on by default
[INFO] [stdout] 
[INFO] [stdout] 
[INFO] [stdout] warning: unused import: `predicates::boolean::PredicateBooleanExt`
[INFO] [stdout]  --> tests/test.rs:3:5
[INFO] [stdout]   |
[INFO] [stdout] 3 | use predicates::boolean::PredicateBooleanExt;
[INFO] [stdout]   |     ^^^^^^^^^^^^^^^^^^^^^^^^^^^^^^^^^^^^^^^^
[INFO] [stdout] 
[INFO] [stdout] 
[INFO] [stdout] warning: unused import: `std::fs::File`
[INFO] [stdout]  --> tests/test.rs:4:5
[INFO] [stdout]   |
[INFO] [stdout] 4 | use std::fs::File;
[INFO] [stdout]   |     ^^^^^^^^^^^^^
[INFO] [stdout] 
[INFO] [stdout] 
[INFO] [stdout] warning: unused import: `std::io::Read`
[INFO] [stdout]  --> tests/test.rs:5:5
[INFO] [stdout]   |
[INFO] [stdout] 5 | use std::io::Read;
[INFO] [stdout]   |     ^^^^^^^^^^^^^
[INFO] [stdout] 
[INFO] [stdout] 
[INFO] [stdout] warning: 4 warnings emitted
[INFO] [stdout] 
[INFO] [stdout] 
[INFO] [stdout] error[E0433]: failed to resolve: use of undeclared type or module `Control`
[INFO] [stdout]   --> src/system/control_test.rs:10:30
[INFO] [stdout]    |
[INFO] [stdout] 10 |         let mut controller = Control::new();
[INFO] [stdout]    |                              ^^^^^^^ not found in this scope
[INFO] [stdout]    |
[INFO] [stdout] help: consider importing this struct
[INFO] [stdout]    |
[INFO] [stdout] 5  |     use crate::Control;
[INFO] [stdout]    |
[INFO] [stdout] 
[INFO] [stdout] 
[INFO] [stdout] error[E0433]: failed to resolve: use of undeclared type or module `Control`
[INFO] [stdout]   --> src/system/control_test.rs:18:30
[INFO] [stdout]    |
[INFO] [stdout] 18 |         let mut controller = Control::new();
[INFO] [stdout]    |                              ^^^^^^^ not found in this scope
[INFO] [stdout]    |
[INFO] [stdout] help: consider importing this struct
[INFO] [stdout]    |
[INFO] [stdout] 5  |     use crate::Control;
[INFO] [stdout]    |
[INFO] [stdout] 
[INFO] [stdout] 
[INFO] [stdout] error[E0433]: failed to resolve: use of undeclared type or module `Control`
[INFO] [stdout]   --> src/system/control_test.rs:27:30
[INFO] [stdout]    |
[INFO] [stdout] 27 |         let mut controller = Control::new();
[INFO] [stdout]    |                              ^^^^^^^ not found in this scope
[INFO] [stdout]    |
[INFO] [stdout] help: consider importing this struct
[INFO] [stdout]    |
[INFO] [stdout] 5  |     use crate::Control;
[INFO] [stdout]    |
[INFO] [stdout] 
[INFO] [stdout] 
[INFO] [stdout] warning: unused import: `super::*`
[INFO] [stdout]  --> src/system/control_test.rs:5:9
[INFO] [stdout]   |
[INFO] [stdout] 5 |     use super::*;
[INFO] [stdout]   |         ^^^^^^^^
[INFO] [stdout]   |
[INFO] [stdout]   = note: `#[warn(unused_imports)]` on by default
[INFO] [stdout] 
[INFO] [stdout] 
[INFO] [stdout] warning: unused import: `super::*`
[INFO] [stdout]  --> src/system/processes_test.rs:4:9
[INFO] [stdout]   |
[INFO] [stdout] 4 |     use super::*;
[INFO] [stdout]   |         ^^^^^^^^
[INFO] [stdout] 
[INFO] [stdout] 
[INFO] [stdout] warning: use of deprecated function `simple_logger::init_with_level`: Please use the Builder pattern instead.
[INFO] [stdout]    --> src/main.rs:408:5
[INFO] [stdout]     |
[INFO] [stdout] 408 |     simple_logger::init_with_level(Level::Warn).unwrap();
[INFO] [stdout]     |     ^^^^^^^^^^^^^^^^^^^^^^^^^^^^^^
[INFO] [stdout]     |
[INFO] [stdout]     = note: `#[warn(deprecated)]` on by default
[INFO] [stdout] 
[INFO] [stdout] 
[INFO] [stdout] warning: use of deprecated function `simple_logger::init_with_level`: Please use the Builder pattern instead.
[INFO] [stdout]    --> src/main.rs:408:5
[INFO] [stdout]     |
[INFO] [stdout] 408 |     simple_logger::init_with_level(Level::Warn).unwrap();
[INFO] [stdout]     |     ^^^^^^^^^^^^^^^^^^^^^^^^^^^^^^
[INFO] [stdout]     |
[INFO] [stdout]     = note: `#[warn(deprecated)]` on by default
[INFO] [stdout] 
[INFO] [stdout] 
[INFO] [stdout] warning: value assigned to `message` is never read
[INFO] [stdout]    --> src/rabbitmq/interaction.rs:187:13
[INFO] [stdout]     |
[INFO] [stdout] 187 |         let mut message = types::RequestPower::default();
[INFO] [stdout]     |             ^^^^^^^^^^^
[INFO] [stdout]     |
[INFO] [stdout]     = note: `#[warn(unused_assignments)]` on by default
[INFO] [stdout]     = help: maybe it is overwritten before being read?
[INFO] [stdout] 
[INFO] [stdout] 
[INFO] [stdout] warning: unused variable: `e`
[INFO] [stdout]   --> src/system/processes.rs:48:17
[INFO] [stdout]    |
[INFO] [stdout] 48 |             Err(e) => return success,
[INFO] [stdout]    |                 ^ help: if this is intentional, prefix it with an underscore: `_e`
[INFO] [stdout]    |
[INFO] [stdout]    = note: `#[warn(unused_variables)]` on by default
[INFO] [stdout] 
[INFO] [stdout] 
[INFO] [stdout] error: aborting due to 3 previous errors; 3 warnings emitted
[INFO] [stdout] 
[INFO] [stdout] 
[INFO] [stdout] For more information about this error, try `rustc --explain E0433`.
[INFO] [stdout] 
[INFO] [stderr] error: could not compile `exeSystemProcessor`.
[INFO] [stderr] 
[INFO] [stderr] To learn more, run the command again with --verbose.
[INFO] [stderr] warning: build failed, waiting for other jobs to finish...
[INFO] [stdout] warning: variable does not need to be mutable
[INFO] [stdout]   --> src/system/processes.rs:45:13
[INFO] [stdout]    |
[INFO] [stdout] 45 |         let mut processes_vector = processes();
[INFO] [stdout]    |             ----^^^^^^^^^^^^^^^^
[INFO] [stdout]    |             |
[INFO] [stdout]    |             help: remove this `mut`
[INFO] [stdout]    |
[INFO] [stdout]    = note: `#[warn(unused_mut)]` on by default
[INFO] [stdout] 
[INFO] [stdout] 
[INFO] [stdout] warning: variable does not need to be mutable
[INFO] [stdout]   --> src/system/processes.rs:50:13
[INFO] [stdout]    |
[INFO] [stdout] 50 |         let mut processes = processes().unwrap();
[INFO] [stdout]    |             ----^^^^^^^^^
[INFO] [stdout]    |             |
[INFO] [stdout]    |             help: remove this `mut`
[INFO] [stdout] 
[INFO] [stdout] 
[INFO] [stdout] warning: constant is never used: `QUEUE_URL`
[INFO] [stdout]  --> src/rabbitmq/types.rs:1:1
[INFO] [stdout]   |
[INFO] [stdout] 1 | pub const QUEUE_URL: &str = "amqp://guest:guest@localhost:5672/";
[INFO] [stdout]   | ^^^^^^^^^^^^^^^^^^^^^^^^^^^^^^^^^^^^^^^^^^^^^^^^^^^^^^^^^^^^^^^^^
[INFO] [stdout]   |
[INFO] [stdout]   = note: `#[warn(dead_code)]` on by default
[INFO] [stdout] 
[INFO] [stdout] 
[INFO] [stdout] warning: constant is never used: `RABBITMQ`
[INFO] [stdout]   --> src/system/constants.rs:11:1
[INFO] [stdout]    |
[INFO] [stdout] 11 | pub const RABBITMQ: &str = "RMQ";
[INFO] [stdout]    | ^^^^^^^^^^^^^^^^^^^^^^^^^^^^^^^^^
[INFO] [stdout] 
[INFO] [stdout] 
[INFO] [stdout] warning: associated function is never used: `get_shutdown`
[INFO] [stdout]    --> src/main.rs:374:12
[INFO] [stdout]     |
[INFO] [stdout] 374 |     pub fn get_shutdown(&mut self) -> bool {
[INFO] [stdout]     |            ^^^^^^^^^^^^
[INFO] [stdout] 
[INFO] [stdout] 
[INFO] [stdout] warning: associated function is never used: `set_shutdown`
[INFO] [stdout]    --> src/main.rs:378:12
[INFO] [stdout]     |
[INFO] [stdout] 378 |     pub fn set_shutdown(&mut self) {
[INFO] [stdout]     |            ^^^^^^^^^^^^
[INFO] [stdout] 
[INFO] [stdout] 
[INFO] [stdout] warning: associated function is never used: `get_event_counter`
[INFO] [stdout]    --> src/main.rs:382:12
[INFO] [stdout]     |
[INFO] [stdout] 382 |     pub fn get_event_counter(&mut self) -> u32 {
[INFO] [stdout]     |            ^^^^^^^^^^^^^^^^^
[INFO] [stdout] 
[INFO] [stdout] 
[INFO] [stdout] warning: crate `exeSystemProcessor` should have a snake case name
[INFO] [stdout]   |
[INFO] [stdout]   = note: `#[warn(non_snake_case)]` on by default
[INFO] [stdout]   = help: convert the identifier to snake case: `exe_system_processor`
[INFO] [stdout] 
[INFO] [stdout] 
[INFO] [stdout] warning: 11 warnings emitted
[INFO] [stdout] 
[INFO] [stdout] 
[INFO] [stderr] error: build failed
[INFO] running `Command { std: "docker" "inspect" "a47e63e8160d6681b26d1c33a8af751a12a815f67be3ca811718037cc69d0a83", kill_on_drop: false }`
[INFO] running `Command { std: "docker" "rm" "-f" "a47e63e8160d6681b26d1c33a8af751a12a815f67be3ca811718037cc69d0a83", kill_on_drop: false }`
[INFO] [stdout] a47e63e8160d6681b26d1c33a8af751a12a815f67be3ca811718037cc69d0a83
